{"id":9953,"date":"2021-03-03T13:19:37","date_gmt":"2021-03-03T12:19:37","guid":{"rendered":"https:\/\/www.packaging-mag.com\/exhibition\/packaging-premiere\/"},"modified":"2025-07-09T14:17:01","modified_gmt":"2025-07-09T13:17:01","slug":"packaging-premiere","status":"publish","type":"exhibition","link":"https:\/\/www.packaging-mag.com\/it\/exhibition\/packaging-premiere\/","title":{"rendered":"Packaging Premi\u00e8re"},"content":{"rendered":"","protected":false},"author":11,"featured_media":16026,"menu_order":0,"template":"","meta":[],"exhibition-tag":[1044,1068],"class_list":["post-9953","exhibition","type-exhibition","status-publish","has-post-thumbnail","hentry","exhibition-tag-confezionamento","exhibition-tag-packaging-di-lusso"],"yoast_head":"<!-- This site is optimized with the Yoast SEO plugin v27.2 - https:\/\/yoast.com\/product\/yoast-seo-wordpress\/ -->\n<title>Packaging Premi\u00e8re - Packaging International - Packaging Premi\u00e8re<\/title>\n<meta name=\"description\" content=\"Packaging Premi\u00e8re \u00e8 la mostra selettiva dedicata a designer e produttori di packaging di lusso.\" \/>\n<meta name=\"robots\" content=\"index, follow, max-snippet:-1, max-image-preview:large, max-video-preview:-1\" \/>\n<link rel=\"canonical\" href=\"https:\/\/www.packaging-mag.com\/it\/exhibition\/packaging-premiere\/\" \/>\n<meta property=\"og:locale\" content=\"it_IT\" \/>\n<meta property=\"og:type\" content=\"article\" \/>\n<meta property=\"og:title\" content=\"Packaging Premi\u00e8re - Packaging International - Packaging Premi\u00e8re\" \/>\n<meta property=\"og:description\" content=\"Packaging Premi\u00e8re \u00e8 la mostra selettiva dedicata a designer e produttori di packaging di lusso.\" \/>\n<meta property=\"og:url\" content=\"https:\/\/www.packaging-mag.com\/it\/exhibition\/packaging-premiere\/\" \/>\n<meta property=\"og:site_name\" content=\"Packaging International\" \/>\n<meta property=\"article:modified_time\" content=\"2025-07-09T13:17:01+00:00\" \/>\n<meta property=\"og:image\" content=\"https:\/\/www.packaging-mag.com\/wp-content\/uploads\/2020\/03\/PP2023.jpg\" \/>\n\t<meta property=\"og:image:width\" content=\"1200\" \/>\n\t<meta property=\"og:image:height\" content=\"403\" \/>\n\t<meta property=\"og:image:type\" content=\"image\/jpeg\" \/>\n<meta name=\"twitter:card\" content=\"summary_large_image\" \/>\n<meta name=\"twitter:label1\" content=\"Tempo di lettura stimato\" \/>\n\t<meta name=\"twitter:data1\" content=\"1 minuto\" \/>\n<script type=\"application\/ld+json\" class=\"yoast-schema-graph\">{\"@context\":\"https:\/\/schema.org\",\"@graph\":[{\"@type\":\"WebPage\",\"@id\":\"https:\/\/www.packaging-mag.com\/it\/exhibition\/packaging-premiere\/\",\"url\":\"https:\/\/www.packaging-mag.com\/it\/exhibition\/packaging-premiere\/\",\"name\":\"Packaging Premi\u00e8re - Packaging International - Packaging Premi\u00e8re\",\"isPartOf\":{\"@id\":\"https:\/\/www.packaging-mag.com\/it\/#website\"},\"primaryImageOfPage\":{\"@id\":\"https:\/\/www.packaging-mag.com\/it\/exhibition\/packaging-premiere\/#primaryimage\"},\"image\":{\"@id\":\"https:\/\/www.packaging-mag.com\/it\/exhibition\/packaging-premiere\/#primaryimage\"},\"thumbnailUrl\":\"https:\/\/www.packaging-mag.com\/wp-content\/uploads\/2020\/03\/PP2023.jpg\",\"datePublished\":\"2021-03-03T12:19:37+00:00\",\"dateModified\":\"2025-07-09T13:17:01+00:00\",\"description\":\"Packaging Premi\u00e8re \u00e8 la mostra selettiva dedicata a designer e produttori di packaging di lusso.\",\"breadcrumb\":{\"@id\":\"https:\/\/www.packaging-mag.com\/it\/exhibition\/packaging-premiere\/#breadcrumb\"},\"inLanguage\":\"it-IT\",\"potentialAction\":[{\"@type\":\"ReadAction\",\"target\":[\"https:\/\/www.packaging-mag.com\/it\/exhibition\/packaging-premiere\/\"]}]},{\"@type\":\"ImageObject\",\"inLanguage\":\"it-IT\",\"@id\":\"https:\/\/www.packaging-mag.com\/it\/exhibition\/packaging-premiere\/#primaryimage\",\"url\":\"https:\/\/www.packaging-mag.com\/wp-content\/uploads\/2020\/03\/PP2023.jpg\",\"contentUrl\":\"https:\/\/www.packaging-mag.com\/wp-content\/uploads\/2020\/03\/PP2023.jpg\",\"width\":1200,\"height\":403},{\"@type\":\"BreadcrumbList\",\"@id\":\"https:\/\/www.packaging-mag.com\/it\/exhibition\/packaging-premiere\/#breadcrumb\",\"itemListElement\":[{\"@type\":\"ListItem\",\"position\":1,\"name\":\"Home\",\"item\":\"https:\/\/www.packaging-mag.com\/it\/\"},{\"@type\":\"ListItem\",\"position\":2,\"name\":\"Exhibition\",\"item\":\"https:\/\/www.packaging-mag.com\/it\/exhibition\/\"},{\"@type\":\"ListItem\",\"position\":3,\"name\":\"Packaging Premi\u00e8re\"}]},{\"@type\":\"WebSite\",\"@id\":\"https:\/\/www.packaging-mag.com\/it\/#website\",\"url\":\"https:\/\/www.packaging-mag.com\/it\/\",\"name\":\"Packaging International\",\"description\":\"All for packaging\",\"publisher\":{\"@id\":\"https:\/\/www.packaging-mag.com\/it\/#organization\"},\"potentialAction\":[{\"@type\":\"SearchAction\",\"target\":{\"@type\":\"EntryPoint\",\"urlTemplate\":\"https:\/\/www.packaging-mag.com\/it\/?s={search_term_string}\"},\"query-input\":{\"@type\":\"PropertyValueSpecification\",\"valueRequired\":true,\"valueName\":\"search_term_string\"}}],\"inLanguage\":\"it-IT\"},{\"@type\":\"Organization\",\"@id\":\"https:\/\/www.packaging-mag.com\/it\/#organization\",\"name\":\"Editrice Zeus Sas\",\"url\":\"https:\/\/www.packaging-mag.com\/it\/\",\"logo\":{\"@type\":\"ImageObject\",\"inLanguage\":\"it-IT\",\"@id\":\"https:\/\/www.packaging-mag.com\/it\/#\/schema\/logo\/image\/\",\"url\":\"https:\/\/www.packaging-mag.com\/wp-content\/uploads\/2020\/02\/PACKAGING-INTERNATIONAL_editrice.png\",\"contentUrl\":\"https:\/\/www.packaging-mag.com\/wp-content\/uploads\/2020\/02\/PACKAGING-INTERNATIONAL_editrice.png\",\"width\":5020,\"height\":1205,\"caption\":\"Editrice Zeus Sas\"},\"image\":{\"@id\":\"https:\/\/www.packaging-mag.com\/it\/#\/schema\/logo\/image\/\"}}]}<\/script>\n<!-- \/ Yoast SEO plugin. -->","yoast_head_json":{"title":"Packaging Premi\u00e8re - Packaging International - Packaging Premi\u00e8re","description":"Packaging Premi\u00e8re \u00e8 la mostra selettiva dedicata a designer e produttori di packaging di lusso.","robots":{"index":"index","follow":"follow","max-snippet":"max-snippet:-1","max-image-preview":"max-image-preview:large","max-video-preview":"max-video-preview:-1"},"canonical":"https:\/\/www.packaging-mag.com\/it\/exhibition\/packaging-premiere\/","og_locale":"it_IT","og_type":"article","og_title":"Packaging Premi\u00e8re - Packaging International - Packaging Premi\u00e8re","og_description":"Packaging Premi\u00e8re \u00e8 la mostra selettiva dedicata a designer e produttori di packaging di lusso.","og_url":"https:\/\/www.packaging-mag.com\/it\/exhibition\/packaging-premiere\/","og_site_name":"Packaging International","article_modified_time":"2025-07-09T13:17:01+00:00","og_image":[{"width":1200,"height":403,"url":"https:\/\/www.packaging-mag.com\/wp-content\/uploads\/2020\/03\/PP2023.jpg","type":"image\/jpeg"}],"twitter_card":"summary_large_image","twitter_misc":{"Tempo di lettura stimato":"1 minuto"},"schema":{"@context":"https:\/\/schema.org","@graph":[{"@type":"WebPage","@id":"https:\/\/www.packaging-mag.com\/it\/exhibition\/packaging-premiere\/","url":"https:\/\/www.packaging-mag.com\/it\/exhibition\/packaging-premiere\/","name":"Packaging Premi\u00e8re - Packaging International - Packaging Premi\u00e8re","isPartOf":{"@id":"https:\/\/www.packaging-mag.com\/it\/#website"},"primaryImageOfPage":{"@id":"https:\/\/www.packaging-mag.com\/it\/exhibition\/packaging-premiere\/#primaryimage"},"image":{"@id":"https:\/\/www.packaging-mag.com\/it\/exhibition\/packaging-premiere\/#primaryimage"},"thumbnailUrl":"https:\/\/www.packaging-mag.com\/wp-content\/uploads\/2020\/03\/PP2023.jpg","datePublished":"2021-03-03T12:19:37+00:00","dateModified":"2025-07-09T13:17:01+00:00","description":"Packaging Premi\u00e8re \u00e8 la mostra selettiva dedicata a designer e produttori di packaging di lusso.","breadcrumb":{"@id":"https:\/\/www.packaging-mag.com\/it\/exhibition\/packaging-premiere\/#breadcrumb"},"inLanguage":"it-IT","potentialAction":[{"@type":"ReadAction","target":["https:\/\/www.packaging-mag.com\/it\/exhibition\/packaging-premiere\/"]}]},{"@type":"ImageObject","inLanguage":"it-IT","@id":"https:\/\/www.packaging-mag.com\/it\/exhibition\/packaging-premiere\/#primaryimage","url":"https:\/\/www.packaging-mag.com\/wp-content\/uploads\/2020\/03\/PP2023.jpg","contentUrl":"https:\/\/www.packaging-mag.com\/wp-content\/uploads\/2020\/03\/PP2023.jpg","width":1200,"height":403},{"@type":"BreadcrumbList","@id":"https:\/\/www.packaging-mag.com\/it\/exhibition\/packaging-premiere\/#breadcrumb","itemListElement":[{"@type":"ListItem","position":1,"name":"Home","item":"https:\/\/www.packaging-mag.com\/it\/"},{"@type":"ListItem","position":2,"name":"Exhibition","item":"https:\/\/www.packaging-mag.com\/it\/exhibition\/"},{"@type":"ListItem","position":3,"name":"Packaging Premi\u00e8re"}]},{"@type":"WebSite","@id":"https:\/\/www.packaging-mag.com\/it\/#website","url":"https:\/\/www.packaging-mag.com\/it\/","name":"Packaging International","description":"All for packaging","publisher":{"@id":"https:\/\/www.packaging-mag.com\/it\/#organization"},"potentialAction":[{"@type":"SearchAction","target":{"@type":"EntryPoint","urlTemplate":"https:\/\/www.packaging-mag.com\/it\/?s={search_term_string}"},"query-input":{"@type":"PropertyValueSpecification","valueRequired":true,"valueName":"search_term_string"}}],"inLanguage":"it-IT"},{"@type":"Organization","@id":"https:\/\/www.packaging-mag.com\/it\/#organization","name":"Editrice Zeus Sas","url":"https:\/\/www.packaging-mag.com\/it\/","logo":{"@type":"ImageObject","inLanguage":"it-IT","@id":"https:\/\/www.packaging-mag.com\/it\/#\/schema\/logo\/image\/","url":"https:\/\/www.packaging-mag.com\/wp-content\/uploads\/2020\/02\/PACKAGING-INTERNATIONAL_editrice.png","contentUrl":"https:\/\/www.packaging-mag.com\/wp-content\/uploads\/2020\/02\/PACKAGING-INTERNATIONAL_editrice.png","width":5020,"height":1205,"caption":"Editrice Zeus Sas"},"image":{"@id":"https:\/\/www.packaging-mag.com\/it\/#\/schema\/logo\/image\/"}}]}},"_links":{"self":[{"href":"https:\/\/www.packaging-mag.com\/it\/wp-json\/wp\/v2\/exhibition\/9953","targetHints":{"allow":["GET"]}}],"collection":[{"href":"https:\/\/www.packaging-mag.com\/it\/wp-json\/wp\/v2\/exhibition"}],"about":[{"href":"https:\/\/www.packaging-mag.com\/it\/wp-json\/wp\/v2\/types\/exhibition"}],"author":[{"embeddable":true,"href":"https:\/\/www.packaging-mag.com\/it\/wp-json\/wp\/v2\/users\/11"}],"version-history":[{"count":0,"href":"https:\/\/www.packaging-mag.com\/it\/wp-json\/wp\/v2\/exhibition\/9953\/revisions"}],"wp:featuredmedia":[{"embeddable":true,"href":"https:\/\/www.packaging-mag.com\/it\/wp-json\/wp\/v2\/media\/16026"}],"wp:attachment":[{"href":"https:\/\/www.packaging-mag.com\/it\/wp-json\/wp\/v2\/media?parent=9953"}],"wp:term":[{"taxonomy":"exhibition-tag","embeddable":true,"href":"https:\/\/www.packaging-mag.com\/it\/wp-json\/wp\/v2\/exhibition-tag?post=9953"}],"curies":[{"name":"wp","href":"https:\/\/api.w.org\/{rel}","templated":true}]}}

Packaging Première

<!-- This site is optimized with the Yoast SEO plugin v27.2 - https://yoast.com/product/yoast-seo-wordpress/ -->
<title>Packaging Première - Packaging International - Packaging Première</title>
<meta name="description" content="Packaging Première è la mostra selettiva dedicata a designer e produttori di packaging di lusso." />
<meta name="robots" content="index, follow, max-snippet:-1, max-image-preview:large, max-video-preview:-1" />
<link rel="canonical" href="https://www.packaging-mag.com/it/exhibition/packaging-premiere/" />
<meta property="og:locale" content="it_IT" />
<meta property="og:type" content="article" />
<meta property="og:title" content="Packaging Première - Packaging International - Packaging Première" />
<meta property="og:description" content="Packaging Première è la mostra selettiva dedicata a designer e produttori di packaging di lusso." />
<meta property="og:url" content="https://www.packaging-mag.com/it/exhibition/packaging-premiere/" />
<meta property="og:site_name" content="Packaging International" />
<meta property="article:modified_time" content="2025-07-09T13:17:01+00:00" />
<meta property="og:image" content="https://www.packaging-mag.com/wp-content/uploads/2020/03/PP2023.jpg" />
	<meta property="og:image:width" content="1200" />
	<meta property="og:image:height" content="403" />
	<meta property="og:image:type" content="image/jpeg" />
<meta name="twitter:card" content="summary_large_image" />
<meta name="twitter:label1" content="Tempo di lettura stimato" />
	<meta name="twitter:data1" content="1 minuto" />
<script type="application/ld+json" class="yoast-schema-graph">{"@context":"https://schema.org","@graph":[{"@type":"WebPage","@id":"https://www.packaging-mag.com/it/exhibition/packaging-premiere/","url":"https://www.packaging-mag.com/it/exhibition/packaging-premiere/","name":"Packaging Première - Packaging International - Packaging Première","isPartOf":{"@id":"https://www.packaging-mag.com/it/#website"},"primaryImageOfPage":{"@id":"https://www.packaging-mag.com/it/exhibition/packaging-premiere/#primaryimage"},"image":{"@id":"https://www.packaging-mag.com/it/exhibition/packaging-premiere/#primaryimage"},"thumbnailUrl":"https://www.packaging-mag.com/wp-content/uploads/2020/03/PP2023.jpg","datePublished":"2021-03-03T12:19:37+00:00","dateModified":"2025-07-09T13:17:01+00:00","description":"Packaging Première è la mostra selettiva dedicata a designer e produttori di packaging di lusso.","breadcrumb":{"@id":"https://www.packaging-mag.com/it/exhibition/packaging-premiere/#breadcrumb"},"inLanguage":"it-IT","potentialAction":[{"@type":"ReadAction","target":["https://www.packaging-mag.com/it/exhibition/packaging-premiere/"]}]},{"@type":"ImageObject","inLanguage":"it-IT","@id":"https://www.packaging-mag.com/it/exhibition/packaging-premiere/#primaryimage","url":"https://www.packaging-mag.com/wp-content/uploads/2020/03/PP2023.jpg","contentUrl":"https://www.packaging-mag.com/wp-content/uploads/2020/03/PP2023.jpg","width":1200,"height":403},{"@type":"BreadcrumbList","@id":"https://www.packaging-mag.com/it/exhibition/packaging-premiere/#breadcrumb","itemListElement":[{"@type":"ListItem","position":1,"name":"Home","item":"https://www.packaging-mag.com/it/"},{"@type":"ListItem","position":2,"name":"Exhibition","item":"https://www.packaging-mag.com/it/exhibition/"},{"@type":"ListItem","position":3,"name":"Packaging Première"}]},{"@type":"WebSite","@id":"https://www.packaging-mag.com/it/#website","url":"https://www.packaging-mag.com/it/","name":"Packaging International","description":"All for packaging","publisher":{"@id":"https://www.packaging-mag.com/it/#organization"},"potentialAction":[{"@type":"SearchAction","target":{"@type":"EntryPoint","urlTemplate":"https://www.packaging-mag.com/it/?s={search_term_string}"},"query-input":{"@type":"PropertyValueSpecification","valueRequired":true,"valueName":"search_term_string"}}],"inLanguage":"it-IT"},{"@type":"Organization","@id":"https://www.packaging-mag.com/it/#organization","name":"Editrice Zeus Sas","url":"https://www.packaging-mag.com/it/","logo":{"@type":"ImageObject","inLanguage":"it-IT","@id":"https://www.packaging-mag.com/it/#/schema/logo/image/","url":"https://www.packaging-mag.com/wp-content/uploads/2020/02/PACKAGING-INTERNATIONAL_editrice.png","contentUrl":"https://www.packaging-mag.com/wp-content/uploads/2020/02/PACKAGING-INTERNATIONAL_editrice.png","width":5020,"height":1205,"caption":"Editrice Zeus Sas"},"image":{"@id":"https://www.packaging-mag.com/it/#/schema/logo/image/"}}]}</script>
<!-- / Yoast SEO plugin. -->

Packaging Première - Packaging International - Packaging Première

Packaging Première è la mostra selettiva dedicata a designer e produttori di packaging di lusso.
